ghest common divisor of 448 and 52814592.
64
Calculate the highest common divisor of 369199 and 92629.
439
Calculate the greatest common factor of 851700225 and 25.
25
Calculate the highest common factor of 2863612569 and 141.
141
What is the highest common divisor of 694530 and 120?
30
What is the greatest common divisor of 1225 and 344340885?
245
What is the highest common divisor of 31506852 and 3336?
1668
Calculate the greatest common divisor of 1057888 and 1504.
32
Calculate the highest common divisor of 13426560 and 730080.
4320
Calculate the highest common divisor of 94860 and 62424.
612
Calculate the highest common factor of 8676 and 47470734.
4338
Calculate the greatest common factor of 234158 and 211072.
3298
Calculate the highest common divisor of 51720552 and 13392.
216
What is the highest common divisor of 141 and 110829?
3
What is the highest common factor of 34220897 and 191?
191
What is the greatest common factor of 90799 and 3751?
31
Calculate the highest common factor of 153846 and 30378887.
2849
Calculate the highest common factor of 144029 and 191381.
1973
What is the greatest common divisor of 191610096 and 30?
6
Calculate the greatest common factor of 3453060 and 12540.
1140
Calculate the greatest common divisor of 654 and 4726386.
6
Calculate the highest common divisor of 2138492 and 2136.
356
What is the greatest common divisor of 9400 and 66763030?
470
What is the highest common factor of 1583930 and 1160?
10
What is the highest common divisor of 464960 and 94400?
320
Calculate the greatest common divisor of 8842 and 5666.
2
What is the greatest common factor of 26249876 and 4794?
94
What is the greatest common factor of 222542 and 64?
2
What is the greatest common factor of 184 and 34521336?
8
Calculate the highest common divisor of 1609800 and 264.
24
What is the highest common factor of 3943 and 1061?
1
Calculate the greatest common divisor of 1081186197 and 12653.
12653
What is the highest common divisor of 417164227 and 755?
151
Calculate the greatest common factor of 10626 and 2461998.
462
Calculate the highest common divisor of 35946372 and 12012.
924
What is the highest common divisor of 16424733 and 1482?
39
What is the highest common factor of 101556484 and 1882?
1882
Calculate the greatest common factor of 25507834 and 88.
22
What is the highest common divisor of 28 and 125053348?
28
What is the highest common factor of 457070345 and 295?
295
Calculate the greatest common factor of 523399 and 14023.
379
What is the greatest common divisor of 15232 and 800768?
2176
Calculate the greatest common factor of 62721 and 2964249.
2727
What is the highest common divisor of 107924739 and 8343?
309
Calculate the highest common divisor of 17515 and 9955526.
3503
What is the highest common factor of 10 and 123912270?
10
Calculate the greatest common factor of 16427918 and 832.
26
What is the greatest common factor of 8375 and 9042625?
125
What is the highest common divisor of 73968 and 2591088?
1104
What is the highest common divisor of 733 and 112816763?
733
Calculate the greatest common factor of 719033530 and 86.
86
What is the greatest common factor of 897 and 253690?
23
Calculate the greatest common factor of 2839507 and 180389.
341
Calculate the greatest common factor of 8240 and 83967248.
1648
Calculate the highest common factor of 261960 and 972.
12
Calculate the greatest common factor of 567 and 107818704.
63
Calculate the greatest common factor of 120 and 138540.
60
Calculate the greatest common factor of 1925 and 8074605.
385
What is the highest common factor of 2019 and 191388413?
673
What is the highest common divisor of 8 and 731760184?
8
Calculate the greatest common divisor of 2900346 and 1357.
23
What is the highest common factor of 110922 and 6124650?
798
What is the greatest common factor of 181975370 and 2181?
727
What is the greatest common factor of 6552 and 5805576?
504
Calculate the highest common factor of 220595 and 910.
5
What is the greatest common factor of 7781564 and 1?
1
Calculate the highest common divisor of 3456510 and 65.
5
Calculate the highest common factor of 15225 and 8781171.
609
What is the highest common divisor of 12518912 and 7056?
784
Calculate the highest common factor of 130764830 and 2450.
490
Calculate the greatest common factor of 125884580 and 1754.
1754
What is the greatest common factor of 11741600 and 23400?
2600
Calculate the highest common divisor of 1747928 and 6208.
8
Calculate the greatest common factor of 1514089 and 164.
41
Calculate the greatest common factor of 6075836 and 22508.
1324
Calculate the greatest common divisor of 2962912 and 96.
32
Calculate the highest common factor of 8216 and 1103128.
104
What is the highest common divisor of 27416 and 204976?
184
Calculate the highest common divisor of 1204 and 10983.
7
What is the highest common factor of 531 and 5898171?
177
Calculate the highest common divisor of 33075 and 232425.
225
Calculate the highest common divisor of 208 and 3701672.
104
Calculate the highest common divisor of 67 and 773917.
67
Calculate the highest common factor of 363550 and 14410.
110
Calculate the greatest common divisor of 1280 and 54883664.
16
What is the highest common factor of 22862521 and 22594?
869
Calculate the greatest common factor of 81 and 37465749.
9
Calculate the greatest common factor of 8077 and 920581.
197
Calculate the highest common factor of 385 and 2287395.
55
What is the greatest common divisor of 33645 and 421890?
15
Calculate the highest common factor of 5064068 and 2740.
548
Calculate the highest common factor of 19 and 168227482.
19
Calculate the greatest common factor of 5786 and 1298.
22
Calculate the greatest common factor of 219412 and 17024.
76
What is the greatest common divisor of 1577 and 7802?
83
Calculate the greatest common divisor of 1242 and 806814.
54
What is the greatest common divisor of 164829 and 2858205?
3507
Calculate the greatest common divisor of 80 and 10011592.
8
What is the greatest common divisor of 3358908203 and 49?
49
Calculate the greatest common factor of 93769 and 152659.
13
What is the highest common factor of 276 and 165403856?
92
What is the greatest common divisor of 20769998 and 734?
734
What is the greatest common factor of 269280 and 1903?
11
What is the greatest common divisor of 766015780 and 76?
76
Calculate the highest common divisor of 308525 and 3776647.
301
Calculate the greatest common factor of 258641256 and 2568.
2568
Calculate the highest common divisor of 336 and 5306160.
48
Calculate the greatest common factor of 107007 and 3981.
3
Calculate the highest common divisor of 6362750 and 1750.
250
Calculate the greatest common factor of 20 and 4603270.
10
Calculate the greatest common factor of 2119 and 1131923.
13
What is the greatest common divisor of 180395 and 1162485?
545
What is the greatest common divisor of 99036336 and 1008?
336
What is the greatest common divisor of 4435813 and 141?
47
Calculate the highest common factor of 24332 and 20438.
22
What is the highest common factor of 376223 and 31709?
857
What is the highest common divisor of 1365 and 474103?
7
What is the greatest common divisor of 1829 and 4057?
1
Calculate the highest common factor of 153 and 8919.
9
Calculate the greatest common divisor of 61463313 and 25704.
459
Calculate the greatest common factor of 296 and 94727733.
37
Calculate the greatest common factor of 3783 and 16654124.
97
What is the greatest common factor of 2052 and 27550476?
108
What is the greatest common divisor of 8355362 and 60144?
358
What is the highest common factor of 58365 and 12518644?
1297
What is the highest common divisor of 8206170 and 154560?
4830
Calculate the highest common divisor of 598932 and 872236.
508
Calculate the highest common divisor of 3049431 and 11739.
903
What is the highest common factor of 647062 and 23985?
533
Calculate the greatest common factor of 376 and 35396264.
376
Calculate the highest common divisor of 161952 and 62244.
84
What is the greatest common factor of 31 and 196017371?
31
What is the greatest common factor of 14065793 and 147?
49
What is the greatest common factor of 105410 and 2466760?
830
Calculate the highest common divisor of 19008 and 12610048.
704
Calcula